 24 = -16*p. Suppose 0 = -2*s - 6*s + p. Suppose -5*v = 15, -k = -3*k - s*v + 291. What is the units digit of k?
0
Let t = -20567 - -29167. What is the hundreds digit of t?
6
Suppose -65*z + 25315 = -64*z + 3*p, 3*p + 101350 = 4*z. What is the hundreds digit of z?
3
Let o(h) = -4795*h + 2677. What is the tens digit of o(-8)?
3
Suppose -5*v = o - 1659, -28*v + 32*v + 8324 = 5*o. What is the hundreds digit of o?
6
Let f(a) be the second derivative of 3*a**3/2 + 29*a**2/2 - a. Let u = -1398 - -1404. What is the units digit of f(u)?
3
Let c = 7048 - -3581. What is the hundreds digit of c?
6
Suppose -5*l + 3 = -4*l. Let f be 6*(3 - -3)*38/l. Suppose -3*p + f = -0*m + 4*m, 786 = 5*p - 2*m. What is the tens digit of p?
5
Suppose 5 = -4*l + 37. Let h(a) = l*a + 11 - 5*a - 1 + 9. What is the units digit of h(11)?
2
Let l(r) = 17*r**3 - 3*r + 2. Let n be l(1). Suppose 8*d + 0 - n = 0. Suppose 0 = -3*v - 12, -d*h - v = -55 - 1. What is the units digit of h?
0
Let h(u) = -19*u + 1571. Let p be h(0). Suppose -30*c = -5141 + p. What is the tens digit of c?
1
Let c be (9/(-27))/((-3)/(-18)). What is the tens digit of (5 + 20/(-5))/(c/(-2546))?
7
Let i(v) = 2*v**3 + 39*v**2 + 18*v - 24. Let j be i(-19). What is the hundreds digit of ((-15252)/(-6))/((7 + j)*1)?
2
Let m be (-1 - 3)/(2/(-6)). Let l(s) = -5*s**3 - 9*s**2 - 15*s - 14. Let w(h) = 3*h**3 - h**2. Let q(f) = -l(f) - 2*w(f). What is the tens digit of q(m)?
5
Let h(d) = 682*d + 244. What is the thousands digit of h(3)?
2
Suppose -439335 = 21*x - 86*x. What is the units digit of x?
9
Let d(u) = 156*u - 153. Let s be d(6). Let k = s - 499. What is the hundreds digit of k?
2
Let j = -493 - -676. Suppose 105 = i - 2*i. Let d = j + i. What is the tens digit of d?
7
Suppose 0 = -4*x + 2*j + 13830, 3*j + 1388 = 4*x - 12441. What is the hundreds digit of x?
4
Let j(k) be the second derivative of 7*k**3/3 + k**2 + 15*k. Let l be j(2). What is the units digit of (-12)/((-4)/l*3)?
0
What is the units digit of (2317/(-28))/(1/(-1356)*3)?
3
Let o(k) = k**3 + 13*k**2 + 46*k - 64. What is the thousands digit of o(16)?
8
Let n = 1563 + -2877. Let p = n + 2213. What is the units digit of p?
9
What is the units digit of (-103936)/(-96) + -14 - ((-15)/(-9) - 1)?
8
Let q(g) = 2*g**3 - 19*g**2 + 56*g - 36. Let o(r) = 3*r**3 - 29*r**2 + 84*r - 54. Let v(a) = 5*o(a) - 7*q(a). What is the hundreds digit of v(11)?
1
Suppose 2*b - 10472 = -3*o + 7338, 0 = -4*o + 4*b + 23780. Suppose -21*m = -6*m - o. What is the tens digit of m?
9
Let v be 1/(2/(2*-65)). Let q be (-400)/v - 4/26. Suppose 2*i + 648 = q*i. What is the hundreds digit of i?
1
Let a(p) = 2*p + 44. Let j be a(-13). Suppose 0*o + 3*b = 4*o - j, 19 = 5*o - 2*b. What is the hundreds digit of o + 3/(-6)*-534?
2
Let y be 12/(-36) + (-1470)/(-9). Suppose -l - 4*d = -165, -4*l = -5*l - 5*d + y. What is the hundreds digit of l?
1
Let r(f) = -333 + f + 0*f + 333. Let x be r(3). Suppose -4*q = 5*n - 214, 1 = 4*q - x*q. What is the tens digit of n?
4
Suppose 95*n - h + 32235 = 98*n, 0 = 3*n + 2*h - 32235. What is the ten thousands digit of n?
1
Suppose -3*t + 2*j - 25 = 0, -3*t - 5*j - 2 = -12. What is the hundreds digit of t/(45/(-27)) + 1 + 730?
7
Suppose 0 = -3*y + 5*k + 20, 0*y + 2*y - 5*k - 5 = 0. Suppose 5*c + y = 10*c. Suppose -4*a - 124 = -4*f, c*a = -f - a + 56. What is the units digit of f?
6
Suppose -42*b + 50540 = -7*b. What is the tens digit of b?
4
Let v(k) = 18*k**3 + 4*k**2 - 47*k + 41. What is the tens digit of v(9)?
6
Let a(c) = -17*c**3 + c**2 - 2*c + 2. Let y be a(1). Let f(r) = -39*r + 5. What is the hundreds digit of f(y)?
6
Suppose 0 = 4*k - 8*h + 5*h + 228, 5*h = -3*k - 200. What is the hundreds digit of 580*9*(-8)/k - -1?
6
Suppose 5*a - 5*k = 1840, 0 = 4*a - 10*k + 11*k - 1482. Suppose r = -1, 2098 = 5*y - 3*r + a. What is the units digit of y?
5
Let y be -111*6/(-27)*33. Let i = 1220 - y. What is the units digit of i?
6
Suppose 0 = -53*a + 49*a + 12. Suppose 0 = 4*i + 4*w - 932, -a*w + 9 + 3 = 0. What is the units digit of i?
9
Let d = -40 - -128. Suppose -p = -3*p - 90. Let h = p + d. What is the units digit of h?
3
Suppose 5*o - o - 540 = 0. Suppose -128*m = -o*m + 5047. What is the hundreds digit of m?
7
Let h(b) = -800*b + 5665. What is the tens digit of h(-43)?
6
Let o(t) = t**3 + 7*t**2 - 7*t - 3. Let w be o(-6). Let g = w - 67. Suppose -g*b + 2682 = 1034. What is the tens digit of b?
0
Suppose 2*z - 3*u - 9251 = 0, 3*z + 3*u - 13899 = -0*z. What is the units digit of z?
0
Let k(i) = 63*i**2 + 466*i + 56. What is the tens digit of k(-29)?
2
Let v = -629 - -886. Suppose -4*h + 429 = v. What is the tens digit of h?
4
Suppose -92*w - 63*w - 1141105 = -3284910. What is the thousands digit of w?
3
Let j be 94/2 - (2 + 0 + -1). Let z(o) = -80*o**2 + j*o**2 - 9*o + o**3 - 12 + 43*o**2. What is the tens digit of z(-9)?
6
Suppose 0 = -4*t - 4*w + 164024, 0 = 3*t - 1791*w + 1790*w - 123034. What is the thousands digit of t?
1
Let a = -12939 - -19870. What is the units digit of a?
1
Let s(z) = -473*z + 485. What is the tens digit of s(-2)?
3
Let z(s) = 21*s**2 - 2*s - 469. What is the tens digit of z(-20)?
7
Let c be (-2)/(-12) - (-72)/(-432). Suppose 5*o - 10 = 10. Suppose c = -a, -5*a + 174 = o*d - 182. What is the tens digit of d?
8
Let t be ((-7)/((-56)/(-11864)))/(3/3). Let v = t - -3063. What is the hundreds digit of v?
5
Suppose 36 = 3*u + t + 5, 0 = 2*u + 5*t - 38. Let k be 3/u + 464/(-6). Let z = 156 + k. What is the tens digit of z?
7
Let m = -39 + 42. Suppose 3 - 9 = -m*q. What is the units digit of 44*q/(-16)*-4?
2
Suppose -18 = -l - l. Let u be (-5 - -5) + l/(-1). Let h(k) = -2*k - 5. What is the tens digit of h(u)?
1
Suppose 68 = -13*x + 315. Suppose -28*f + x*f = -2466. What is the hundreds digit of f?
2
Let z(r) = 6*r**2 - 14*r - 1021. What is the thousands digit of z(-80)?
8
Let d = -753 + 1193. What is the units digit of (462/8)/(55/d)?
2
Let t(u) = u**3 + 20*u**2 + 10*u + 25. Let f = 54 + -67. Let g = f - 6. What is the tens digit of t(g)?
9
Suppose -2*n = t - 11698, -34*t + 39*t = -4*n + 58460. What is the ten thousands digit of t?
1
Suppose 10843 + 15063 = 2*g + 2*h, 0 = -5*h - 20. What is the units digit of g?
7
Suppose -15 = -3*x - 0*x, 0 = -3*v - 5*x + 40. Let y be 242/10 + 4/v. What is the tens digit of ((-355)/y)/(1/(-5))?
7
Suppose -28*f - 30019 = -44629 - 112958. What is the units digit of f?
6
Suppose 0 = -5*d - 3*h + 25488, -2*d - 3*d - h + 25496 = 0. What is the tens digit of d?
0
Suppose 3*s - 5226 = 2*m, -16 = -4*m - 28. Let t = -918 + s. What is the hundreds digit of t?
8
Let c be 4/14 - (-3 + 3180/(-42)). Let y = 23 - c. Let h = 166 + y. What is the hundreds digit of h?
1
Suppose -5*l + 6854 = x, 5*l = -3*x - 1125 + 21627. What is the units digit of x?
4
Let f = -8341 + 76609. What is the tens digit of f?
6
Suppose -2*b = -4*s - 8, -4*s + 4*b - 12 + 8 = 0. Let k(p) be the second derivative of -10*p**3/3 - 11*p**2/2 + p. What is the units digit of k(s)?
9
Let h(p) = -83*p - 100. Let b(n) = -2*n - 1. Let s(u) = -4*b(u) + h(u). What is the units digit of s(-8)?
4
Suppose 0 = 210*p - 32*p - 3174986. What is the ten thousands digit of p?
1
Let i(d) be the third derivative of d**5/30 + 5*d**4/3 + 10*d**3/3 - 168*d**2. What is the units digit of i(20)?
0
What is the hundreds digit of 16583/6 + 675/(-810)?
7
What is the thousands digit of (-952)/408 + (-2)/(-6)*66946?
2
Let h(n) = -2*n + 3. Let y be h(-1). Suppose 4*c - 1460 = 2*r, -r - 4*r = -y*c + 1815. What is the hundreds digit of c?
3
Let z(d) be the second derivative of -27*d**5/20 + d**4/4 + 13*d**3/6 + 22*d**2 + 2*d + 6. What is the units digit of z(-4)?
8
Let p(x) = 3*x**3 + 20*x**2 - 6*x + 9. Let u be p(15). What is the units digit of (-1)/7 - u/(-84)?
3
Suppose 8*k - 112623 = -27519. What is the tens digit of k?
3
Let s(j) = -j**2 - 333*j + 342. What is the thousands digit of s(-104)?
4
What is the thousands digit of (-43250)/(-13) + -3 + (118/13 - 9)?
3
Let u be 368/46 - (5 - -1). What is the units digit of 1057/(7/u*(-66)/(-231))?
7
Suppose 0 = 3*i + 6*m - 35364, 13*i = 9*i - 3*m + 47112. What is the units digit of i?
2
Suppose 40719 = -4*n - 3*n + 14*n. What is the tens digit of n?
1
Suppose -s = 2*g - 4*s + 91, -3*s + 53 = -g. Let l(t) = t + 208. What is the t